100 (base 10) in base 13?
-79
What is 6 (base 7) in base 15?
6
d (base 15) to base 2
1101
What is 40 (base 12) in base 9?
53
2 (base 16) to base 9
2
Convert 109 (base 11) to base 12.
aa
4 (base 10) to base 6
4
Convert -10101 (base 4) to base 3.
-101010
2 (base 11) to base 6
2
c (base 15) to base 4
30
10 (base 13) to base 9
14
What is -101001001 (base 2) in base 10?
-329
Convert 1 (base 9) to base 6.
1
2 (base 15) to base 11
2
-101011 (base 2) to base 4
-223
-9d (base 15) to base 9
-174
Convert -3 (base 11) to base 5.
-3
-2 (base 5) to base 9
-2
2e (base 15) to base 9
48
120 (base 3) to base 10
15
Convert -2 (base 16) to base 10.
-2
15 (base 12) to base 7
23
Convert 335 (base 9) to base 15.
135
102 (base 5) to base 3
1000
What is 19 (base 13) in base 12?
1a
What is -5 (base 7) in base 11?
-5
What is 23 (base 8) in base 12?
17
Convert 136 (base 15) to base 9.
336
-1 (base 12) to base 6
-1
Convert 20 (base 11) to base 8.
26
0 (base 4) to base 14
0
Convert 2 (base 16) to base 3.
2
Convert -10000011 (base 2) to base 16.
-83
-8 (base 13) to base 15
-8
Convert 2 (base 12) to base 13.
2
What is 1 (base 8) in base 11?
1
Convert -1 (base 14) to base 5.
-1
Convert -2 (base 14) to base 12.
-2
What is 103 (base 7) in base 8?
64
What is 1101 (base 2) in base 11?
12
0 (base 8) to base 10
0
Convert 4 (base 6) to base 15.
4
-36 (base 7) to base 6
-43
Convert -71 (base 16) to base 6.
-305
-1 (base 4) to base 12
-1
What is 120 (base 4) in base 6?
40
-1 (base 14) to base 4
-1
Convert -12b (base 12) to base 3.
-20122
1200 (base 3) to base 2
101101
-6 (base 11) to base 15
-6
Convert -1b (base 16) to base 8.
-33
-4 (base 15) to base 6
-4
What is -1111110 (base 2) in base 4?
-1332
What is -111 (base 3) in base 5?
-23
What is 8 (base 11) in base 16?
8
Convert -1 (base 8) to base 13.
-1
What is 11 (base 11) in base 12?
10
Convert 15a (base 12) to base 2.
11010110
Convert 3 (base 14) to base 8.
3
What is 11022 (base 3) in base 15?
7b
-a (base 11) to base 2
-1010
100 (base 2) to base 9
4
What is 11 (base 2) in base 13?
3
What is 3014 (base 5) in base 11?
31a
What is -120 (base 6) in base 4?
-300
What is -2 (base 12) in base 2?
-10
-5 (base 15) to base 6
-5
-48 (base 15) to base 5
-233
Convert c5 (base 15) to base 6.
505
Convert 13 (base 10) to base 3.
111
1221 (base 4) to base 2
1101001
What is 3 (base 8) in base 3?
10
-6 (base 12) to base 6
-10
Convert 1 (base 11) to base 13.
1
What is -22 (base 6) in base 15?
-e
Convert -1202 (base 6) to base 11.
-244
What is -111 (base 3) in base 15?
-d
-12 (base 12) to base 2
-1110
Convert 5 (base 15) to base 6.
5
What is -5 (base 13) in base 10?
-5
What is 0 (base 4) in base 16?
0
-4 (base 6) to base 4
-10
Convert 0 (base 2) to base 5.
0
d (base 15) to base 14
d
What is 74 (base 14) in base 13?
7b
What is -1010 (base 2) in base 16?
-a
Convert 142 (base 10) to base 9.
167
What is 4 (base 7) in base 16?
4
What is 207 (base 9) in base 15?
b4
Convert 100 (base 2) to base 16.
4
What is -4 (base 16) in base 15?
-4
-14 (base 16) to base 2
-10100
Convert -2 (base 4) to base 6.
-2
What is 8 (base 16) in base 8?
10
-34 (base 7) to base 10
-25
What is -21 (base 6) in base 15?
-d
-1 (base 16) to base 7
-1
What is -100 (base 8) in base 10?
-64
Convert -552 (base 7) to base 4.
-10122
What is 52 (base 8) in base 15?
2c
Convert -8 (base 13) to base 6.
-12
2 (base 12) to base 7
2
49 (base 13) to base 16
3d
What is -1 (base 8) in base 7?
-1
What is 2 (base 4) in base 5?
2
Convert 4 (base 7) to base 9.
4
What is -3 (base 14) in base 13?
-3
What is 4 (base 11) in base 5?
4
What is -112100 (base 3) in base 10?
-387
What is 10 (base 5) in base 13?
5
Convert 12 (base 8) to base 7.
13
-1020 (base 5) to base 8
-207
-33 (base 6) to base 14
-17
What is -1 (base 3) in base 6?
-1
-64 (base 13) to base 2
-1010010
-5 (base 9) to base 15
-5
What is -14 (base 11) in base 15?
-10
342 (base 5) to base 10
97
Convert -21 (base 7) to base 12.
-13
-3 (base 8) to base 6
-3
Convert -3 (base 6) to base 8.
-3
What is -14 (base 14) in base 8?
-22
-10 (base 5) to base 8
-5
Convert -2 (base 5) to base 16.
-2
11 (base 13) to base 3
112
Convert -250 (base 6) to base 3.
-10210
Convert -46 (base 14) to base 5.
-222
15 (base 6) to base 12
b
What is -2 (base 15) in base 7?
-2
3 (base 5) to base 12
3
3 (base 12) to base 3
10
-8 (base 9) to base 5
-13
-6 (base 15) to base 11
-6
What is 62 (base 9) in base 6?
132
1 (base 8) to base 11
1
-10010 (base 2) to base 4
-102
What is -7 (base 16) in base 12?
-7
What is 3 (base 13) in base 9?
3
Convert -121 (base 3) to base 14.
-12
What is 4 (base 9) in base 11?
4
Convert -8d (base 14) to base 16.
-7d
What is 1 (base 12) in base 7?
1
Convert 46 (base 9) to base 15.
2c
What is b (base 12) in base 10?
11
Convert -11 (base 8) to base 6.
-13
1 (base 15) to base 8
1
Convert -13b (base 12) to base 9.
-232
What is -5 (base 16) in base 13?
-5
What is -10 (base 5) in base 2?
-101
-1232 (base 4) to base 15
-75
Convert 102 (base 8) to base 10.
66
-1 (base 2) to base 14
-1
-2 (base 7) to base 14
-2
Convert 5 (base 16) to base 2.
101
Convert -3 (base 6) to base 15.
-3
-120 (base 8) to base 9
-88
2 (base 8) to base 13
2
-1 (base 4) to base 14
-1
29 (base 13) to base 10
35
What is 13 (base 12) in base 6?
23
10 (base 3) to base 6
3
What is 44 (base 6) in base 9?
31
What is 5a (base 11) in base 5?
230
Convert -2 (base 13) to base 6.
-2
Convert 349 (base 10) to base 14.
1ad
Convert -6 (base 13) to base 6.
-10
What is 13 (base 11) in base 2?
1110
Convert -102 (base 9) to base 4.
-1103
What is 3 (base 11) in base 13?
3
-1 (base 12) to base 6
-1
Convert 3 (base 4) to base 10.
3
-3 (base 4) to base 13
-3
111 (base 5) to base 8
37
Convert 11 (base 7) to base 5.
13
Convert 223 (base 5) to base 14.
47
21 (base 4) to base 13
9
Convert 14a (base 11) to base 15.
ba
Convert -17 (base 12) to base 3.
-201
What is 7 (base 10) in base 9?
7
22 (base 5) to base 15
c
Convert 21211 (base 3) to base 14.
111
Convert 4 (base 8) to base 16.
4
Convert -227 (base 8) to base 16.
-97
What is -3 (base 9) in base 5?
-3
Convert -2d (base 16) to base 7.
-63
Convert -6 (base 16) to base 10.
-6
What is -36 (base 12) in base 4?
-222
220 (base 3) to base 6
40
Convert 78 (base 16) to base 4.
1320
Convert 11 (base 4) to base 13.
5
What is 0 (base 13) in base 2?
0
-13 (base 10) to base 16
-d
What is 0 (base 2) in base 8?
0
Convert -1 (base 15) to base 13.
-1
What is -20 (base 8) in base 2?
-10000
Convert -3e (base 15) to base 11.
-54
Convert -4 (base 6) to base 7.
-4
What is -2 (base 5) in base 6?
-2
Convert 0 (base 16) to base 2.
0
Convert 200 (base 4) to base 2.
100000
Convert 0 (base 15) to base 8.
0
Convert -13 (base 8) to base 13.
-b
What is 2c (base 13) in base 5?
123
What is -3 (base 13) in base 15?
-3
20 (base 8) to base 5
31
Convert -31 (base 11) to base 12.
-2a
115 (base 11) to base 9
162
Convert -233 (base 4) to base 10.
-47
What is -243 (base 11) in base 13?
-193
0 (base 9) to base 3
0
What is -4 (base 13) in base 2?
-100
What is -11010100 (base 2) in base 10?
-212
1122 (base 3) to base 2
101100
Convert 4 (base 14) to base 5.
4
What is -45 (base 11) in base 7?
-100
1011 (base 2) to base 14
b
4 (base 10) to base 6
4
What is 2f (base 16) in base 11?
43
What is -6 (base 12) in base 14?
-6
47 (base 12) to base 16
37
Convert 65 (base 7) to base 5.
142
What is 1b (base 13) in base 2?
11000
Convert -222 (base 8) to base 7.
-266
Convert -1 (base 15) to base 16.
-1
What is 146 (base 7) in base 13?
65
1110 (base 2) to base 8
16
Convert 110111 (base 2) to base 12.
47
What is 6 (base 13) in base 5?
11
What is -1 (base 16) in base 11?
-1
23 (base 4) to base 2
1011
-44 (base 12) to base 11
-48
What is 18 (base 14) in base 3?
211
What is 1 (base 16) in base 10?
1
What is 0 (base 11) in base 14?
0
Convert -1013 (base 4) to base 8.
-107
Convert -25 (base 16) to base 15.
-27
What is -d (base 14) in base 10?
-13
-12 (base 5) to base 9
-7
-11011 (base 2) to base 14
-1d
What is -15 (base 15) in base 14?
-16
Convert -7 (base 14) to base 5.
-12
What is 1 (base 3) in base 13?
1
Convert -1222 (base 3) to base 16.
-35
-3 (base 12) to base 7
-3
What is -111 (base 2) in base 12?
-7
320 (base 4) to base 5
211
6 (base 10) to base 13
6
Convert 101 (base 12) to base 5.
1040
-12 (base 6) to base 9
-8
101100 (base 2) 